{"id":134668,"date":"2020-01-20T15:17:07","date_gmt":"2020-01-20T14:17:07","guid":{"rendered":"http:\/\/localhost:8000\/?page_id=134668"},"modified":"2020-06-27T15:54:50","modified_gmt":"2020-06-27T13:54:50","slug":"ouvriers-royere","status":"publish","type":"page","link":"https:\/\/www.lesmaconsdelacreuse.fr\/annuaires\/ouvriers-royere\/","title":{"rendered":"Dictionnaire des ouvriers du b\u00e2timent de l&rsquo;ancien canton de Roy\u00e8re (23) du milieu du 17\u00e8me au 20\u00e8me si\u00e8cle"},"content":{"rendered":"<p class=\"last-updated\"><strong>Mis \u00e0 jour le :<\/strong> 11\/05\/2026<\/p><p>Auteure\u00a0: Josette MOR\u00c9<\/p>\n<p style=\"text-align: center;\"><strong>\u00ab En hommage \u00e0 mon grand-p\u00e8re, mon arri\u00e8re-grand-p\u00e8re,<br \/>\net tous mes anc\u00eatres ma\u00e7ons oblig\u00e9s de partir travailler au loin pour vivre, ou simplement survivre\u00a0\u00bb<\/strong><\/p>\n<ul class=\"royere-annuary-presentation\">\n<li><strong>Pr\u00e9sentation des communes concern\u00e9es\u00a0<\/strong>:\n<ul>\n<li>Le Monteil-au-Vicomte et Ch\u00e2tain<\/li>\n<li>Roy\u00e8re<\/li>\n<li>Saint-Junien-la-Breg\u00e8re<\/li>\n<li>Saint-Martin-Ch\u00e2teau<\/li>\n<li>Saint-Moreil et Charri\u00e8re<\/li>\n<li>Saint-Pardoux-Lavaud et Morterolles<\/li>\n<li>Saint-Pierre-le-Bost (Bellevue) et Le Compeix<\/li>\n<\/ul>\n<\/li>\n<li><strong>Plus de 12 000 fiches individuelles <\/strong>(Cliquer ci-dessous sur <a href=\"https:\/\/www.lesmaconsdelacreuse.fr\/annuaires\/recherche-ouvriers-royere\/\" target=\"_blank\" rel=\"noopener noreferrer\"><strong>acc\u00e9der \u00e0 l&rsquo;annuaire<\/strong><\/a>)<strong><br \/>\n<\/strong><\/li>\n<li><strong>De nombreux documents<\/strong> : actes notari\u00e9s \u2013 lettres de ma\u00e7ons \u2013 documents administratifs &#8212; Des photos de lieux et de personnes\u2026 <strong>consultables dans les trois albums t\u00e9l\u00e9chargeables ci-dessous<\/strong><\/li>\n<\/ul>\n<p><strong>Voir la pr\u00e9sentation du dictionnaire<\/strong> :<br \/>\n<i class=\"fas fa-book-open\"><\/i><a href=\"https:\/\/www.calameo.com\/read\/006161030101a1e820f4d\" target=\"_blank\" rel=\"noopener noreferrer\">Voir la pr\u00e9sentation compl\u00e8te du dictionnaire de Josette MOR\u00c9<\/a><\/p>\n<p><strong>Voir les documents utilis\u00e9s par Josette Mor\u00e9 <\/strong>(l&rsquo;album \u00ab\u00a0documents\u00a0\u00bb comprend plus de 1 500 illustrations et son t\u00e9l\u00e9chargement peut demander un peu de patience, environ 8 mn en 4G et 4mn avec la fibre)<strong> :<br \/>\n&#8211; Pr\u00e8s de 140 illustrations<\/strong><br \/>\n<i class=\"fas fa-image\"><\/i><a id=\"photos\" href=\"https:\/\/www.lesmaconsdelacreuse.fr\/annuaires\/album-photos-et-cartes-postales\/\" target=\"_blank\" rel=\"noopener noreferrer\">Album PHOTOS ET CARTES POSTALES<\/a><br \/>\n<strong>&#8211; Pr\u00e8s de 150 d\u00e9finitions, explications de termes&#8230;<\/strong><br \/>\n<i class=\"fas fa-search\"><\/i><a id=\"lexique\" href=\"https:\/\/www.lesmaconsdelacreuse.fr\/annuaires\/album-lexique\/\" target=\"_blank\" rel=\"noopener noreferrer\">Album LEXIQUE<\/a><br \/>\n<strong>&#8211; Plus de 1 600 documents d&rsquo;archives<\/strong><br \/>\n<i class=\"fas fa-file-image\"><\/i><a id=\"documents\" href=\"https:\/\/www.lesmaconsdelacreuse.fr\/annuaires\/album-documents\/\" target=\"_blank\" rel=\"noopener noreferrer\">Album DOCUMENTS<\/a><\/p>\n<p>Contacter l\u2019auteure\u00a0: <a href=\"mailto:josette.more@wanadoo.fr\" target=\"_blank\" rel=\"noopener noreferrer\">josette.more@wanadoo.fr<\/a><\/p>\n","protected":false},"excerpt":{"rendered":"<p>Mis \u00e0 jour le : 11\/05\/2026Auteure\u00a0: Josette MOR\u00c9 \u00ab En hommage \u00e0 mon grand-p\u00e8re, mon arri\u00e8re-grand-p\u00e8re, et tous mes anc\u00eatres ma\u00e7ons oblig\u00e9s de partir travailler au loin pour vivre, ou simplement survivre\u00a0\u00bb Pr\u00e9sentation des communes concern\u00e9es\u00a0: Le Monteil-au-Vicomte et Ch\u00e2tain Roy\u00e8re Saint-Junien-la-Breg\u00e8re Saint-Martin-Ch\u00e2teau Saint-Moreil et Charri\u00e8re Saint-Pardoux-Lavaud et Morterolles Saint-Pierre-le-Bost (Bellevue) et Le Compeix Plus ..<\/p>\n<div class=\"clear-fix\"><\/div>\n<p><a href=\"https:\/\/www.lesmaconsdelacreuse.fr\/annuaires\/ouvriers-royere\/\" title=\"Lire la suite...\">Lire la suite<\/a><\/p>\n","protected":false},"author":1,"featured_media":0,"parent":0,"menu_order":0,"comment_status":"closed","ping_status":"closed","template":"full-width-template.php","meta":{"_acf_changed":false,"_exactmetrics_skip_tracking":false,"_exactmetrics_sitenote_active":false,"_exactmetrics_sitenote_note":"","_exactmetrics_sitenote_category":0,"footnotes":""},"class_list":["post-134668","page","type-page","status-publish","hentry"],"acf":[],"_links":{"self":[{"href":"https:\/\/www.lesmaconsdelacreuse.fr\/annuaires\/wp-json\/wp\/v2\/pages\/134668","targetHints":{"allow":["GET"]}}],"collection":[{"href":"https:\/\/www.lesmaconsdelacreuse.fr\/annuaires\/wp-json\/wp\/v2\/pages"}],"about":[{"href":"https:\/\/www.lesmaconsdelacreuse.fr\/annuaires\/wp-json\/wp\/v2\/types\/page"}],"author":[{"embeddable":true,"href":"https:\/\/www.lesmaconsdelacreuse.fr\/annuaires\/wp-json\/wp\/v2\/users\/1"}],"replies":[{"embeddable":true,"href":"https:\/\/www.lesmaconsdelacreuse.fr\/annuaires\/wp-json\/wp\/v2\/comments?post=134668"}],"version-history":[{"count":0,"href":"https:\/\/www.lesmaconsdelacreuse.fr\/annuaires\/wp-json\/wp\/v2\/pages\/134668\/revisions"}],"wp:attachment":[{"href":"https:\/\/www.lesmaconsdelacreuse.fr\/annuaires\/wp-json\/wp\/v2\/media?parent=134668"}],"curies":[{"name":"wp","href":"https:\/\/api.w.org\/{rel}","templated":true}]}}